 Give a(0).
3
Let k(r) = 197941*r + 6532068. Calculate k(-33).
15
Let s(q) = 21645*q + 194735. What is s(-9)?
-70
Let t(o) = -6*o**3 + 4138*o**2 + 22250*o - 6958. What is t(695)?
-8
Let b(u) = -901*u + 6207. Give b(7).
-100
Let v(n) = -27*n**2 - 69*n + 677. Determine v(8).
-1603
Let n(d) = -d**3 + 61*d**2 + 194*d + 19. What is n(64)?
147
Let n(c) = -26*c**2 - 117*c - 162. Give n(-4).
-110
Let x(z) = -z**2 - 7320*z - 528922. What is x(-73)?
109
Let h(g) = 38225*g - 2102383. Calculate h(55).
-8
Let t(y) = -y**3 - 99*y**2 - 1629*y + 320. Determine t(-21).
131
Let p(i) = 76*i + 8527. Determine p(-135).
-1733
Let z(a) = -579*a - 41635. Calculate z(-72).
53
Let m(j) = -j**2 + 456*j + 10250. Determine m(-21).
233
Let o(q) = 9*q**2 + 104*q + 144. Calculate o(-17).
977
Let c(i) = -118122*i - 12993420. Give c(-110).
0
Let y(k) = -7*k**3 + 512*k**2 - 1627*k + 6086. What is y(70)?
-4
Let l(r) = 1292*r - 48756. Calculate l(37).
-952
Let u(k) = 8*k**2 - 501306*k - 5013866. Give u(-10).
-6
Let f(q) = 6*q**2 - 64*q + 80. Determine f(6).
-88
Let g(v) = -v**3 - 119*v**2 - 2483*v + 118. What is g(-92)?
26
Let j(y) = -21349*y - 149454. What is j(-7)?
-11
Let v(q) = 3*q**3 + 225*q**2 + 2380*q - 501. Give v(-13).
-7
Let f(n) = 1044*n + 55232. What is f(-53)?
-100
Let d(p) = 12910*p - 180733. What is d(14)?
7
Let d(r) = 9*r**2 + 9331*r - 103724. What is d(11)?
6
Let p(i) = 70*i - 19063. What is p(318)?
3197
Let r(x) = -4*x**3 - 10*x**2 - 29*x + 334. What is r(4)?
-198
Let f(g) = 7854*g - 825. What is f(1)?
7029
Let d(f) = 11573*f - 3645496. Determine d(315).
-1
Let q(h) = -463*h**3 - 18056*h**2 + 31*h - 297. What is q(-39)?
15
Let s(d) = 2584*d - 2165235. Determine s(838).
157
Let u(f) = -3*f**3 - 6*f**2 - 139*f - 277. Determine u(-2).
1
Let k(r) = 278535*r - 278541. Calculate k(1).
-6
Let g(d) = -3*d**2 - 72*d - 335. What is g(-26)?
-491
Let u(a) = -7258*a + 152442. Determine u(21).
24
Let c(n) = -1505*n - 2470. What is c(0)?
-2470
Let q(w) = -2*w**3 + 153*w**2 - 2298*w - 92. What is q(56)?
-204
Let t(m) = 41*m**2 + 401*m - 66. Calculate t(-10).
24
Let r(k) = -k**2 + 76*k - 1055. Calculate r(13).
-236
Let h(k) = 10*k**2 + 289*k - 7842. What is h(23)?
4095
Let b(u) = -7*u**2 - 248*u + 6028. Determine b(-52).
-4
Let d(s) = -s**3 + 1582*s**2 - 29698*s + 18. What is d(19)?
-1
Let a(t) = -4*t**2 + 2216*t - 2216. What is a(1)?
-4
Let s(t) = -232*t**2 - 600*t - 1804. Determine s(-3).
-2092
Let d(p) = -p**2 + 3077*p + 27792. Calculate d(-9).
18
Let m(p) = -3*p**3 - 91*p**2 - 82*p - 1608. Calculate m(-30).
-48
Let n(i) = 2312*i - 69362. What is n(30)?
-2
Let n(k) = -1149*k + 20619. Give n(18).
-63
Let w(t) = 464*t + 3298. What is w(-7)?
50
Let u(i) = i**2 + 51*i - 913. Give u(-73).
693
Let z(d) = -27*d**2 + 2432*d - 2432. Give z(1).
-27
Let y(j) = -1015*j - 3332. Determine y(-3).
-287
Let b(c) = 2*c**3 + 196*c**2 - 191*c - 1302. Determine b(-99).
-1995
Let y(m) = 131972*m + 660152. Calculate y(-5).
292
Let a(t) = 2*t**2 + 150*t - 1045. Determine a(6).
-73
Let t(i) = -10*i**2 - 7550*i - 196574. What is t(-728)?
-14
Let n(m) = 718*m**2 - 39490*m + 37. What is n(55)?
37
Let b(k) = 5*k**3 + 887*k**2 - 4183*k + 549. Give b(-182).
3
Let p(h) = -h**3 - 62*h**2 - 686*h + 200. Calculate p(-47).
-693
Let o(x) = -x**3 + 76*x**2 - 1184*x + 202. Calculate o(54).
418
Let k(u) = 2*u**3 - 857*u**2 + 15438*u - 23. Calculate k(19).
-2360
Let f(o) = -4*o**3 + 97*o**2 + 16*o - 958. What is f(24)?
2
Let o(k) = 4641*k + 23195. Give o(-5).
-10
Let h(o) = o**2 - 4*o - 473. Determine h(25).
52
Let n(i) = -i**3 + 2482*i**2 - 19788*i - 60. Determine n(8).
-28
Let w(z) = 103978*z + 623857. Give w(-6).
-11
Let q(z) = -z**3 + 10*z**2 + 31169*z - 155908. Give q(5).
62
Let d(x) = x**3 - 105*x**2 + 1946*x - 1382. Determine d(23).
-2
Let s(y) = 381*y**2 - 62121*y + 2945. Give s(163).
11
Let z(n) = -n**3 - 14*n**2 + 1759*n + 27743. Give z(-16).
111
Let z(p) = -p**2 + 10252*p + 629056. What is z(-61)?
-37
Let n(v) = 118*v + 5578. Determine n(-44).
386
Let h(k) = -4119*k + 247153. What is h(60)?
13
Let g(x) = 4164*x - 19679. What is g(5)?
1141
Let j(z) = -18931*z + 719371. What is j(38)?
-7
Let x(m) = m**3 + 159*m**2 - 331*m - 1298. What is x(-161)?
151
Let d(v) = 216*v + 17730. What is d(-68)?
3042
Let g(y) = y**3 + 17*y**2 + 26*y + 71. Give g(-14).
295
Let q(l) = -2*l**3 - 21*l**2 + 2113*l + 19277. Give q(-9).
17
Let f(y) = 425*y - 13168. Calculate f(32).
432
Let a(l) = 16*l + 780. Give a(32).
1292
Let v(t) = -2*t**2 + 251*t + 63368. Give v(-126).
-10
Let v(h) = -10*h**2 + 332*h + 11. Give v(20).
2651
Let u(p) = 4*p**2 - 222*p + 2887. Calculate u(25).
-163
Let h(b) = -293*b + 49508. Calculate h(172).
-888
Let c(r) = -59*r**3 - 2202*r**2 + 1525*r + 101. Determine c(-38).
-89
Let c(s) = 2*s**2 - 338883*s + 5. What is c(0)?
5
Let h(n) = -n**2 - 80*n - 1100. Determine h(-26).
304
Let i(f) = 4*f**3 + 424*f**2 - 5665*f - 82. Determine i(-118).
36
Let n(w) = -144*w**2 + 89*w - 7. Give n(2).
-405
Let q(v) = -13*v**2 + 1610*v - 166. Give q(123).
1187
Let u(l) = 203*l + 138257. What is u(-681)?
14
Let m(n) = -106046*n - 6892981. Calculate m(-65).
9
Let q(z) = -4*z**3 - 6*z**2 - 257*z + 821. Determine q(3).
-112
Let r(k) = -6*k**3 - 3294*k**2 - 13084*k - 2176. Give r(-545).
4
Let k(q) = q**3 + 203*q**2 - 4218*q + 240. Determine k(-222).
240
Let j(g) = -g**2 + 13898*g - 402250. Determine j(29).
-49
Let u(b) = 57*b**3 - 2*b**2 - 334*b + 997. What is u(3)?
1516
Let o(p) = -105*p**2 - 8193*p - 265. Give o(-78).
-31
Let b(y) = -38*y**2 + 8518*y - 8514. Calculate b(1).
-34
Let c(l) = -24754*l - 99031. What is c(-4)?
-15
Let j(s) = -2*s**3 + 14*s**2 + 96*s - 327. Give j(10).
33
Let m(g) = -2*g**2 + 103400*g - 2480430. What is m(24)?
18
Let o(m) = -m**3 - 182*m**2 + 412*m + 8158. Calculate o(-184).
62
Let b(z) = 2*z**2 - 1226*z + 23796. Give b(20).
76
Let q(w) = -27987*w + 167893. Determine q(6).
-29
Let z(n) = -156*n**2 - 4670*n + 298. Determine z(-30).
-2
Let i(m) = -m**2 + 115*m + 29822. Give i(-126).
-544
Let f(x) = 3714*x + 99827. Determine f(-27).
-451
Let k(z) = 63411*z - 9701852. Determine k(153).
31
Let i(y) = -10*y**3 + 2092*y**2 - 419*y + 224. Give i(209).
15
Let g(u) = -169*u**2 - 10464*u + 874. Calculate g(-62).
6
Let i(l) = -l**3 - 6*l**2 - 1390*l - 6962. Determine i(-5).
-37
Let f(s) = -3734*s + 4085. Give f(1).
351
Let n(v) = -114*v + 30775. What is n(268)?
223
Let d(r) = -115*r + 6839. Give d(62).
-291
Let d(u) = -7664161*u - 45984973. Determine d(-6).
-7
Let o(z) = -2*z**2 + 305*z + 16580. Give o(195).
5
Let s(b) = b**3 - 49*b**2 + 400*b - 108. Give s(10).
-8
Let d(m) = -m**2 - 218*m - 6609. Give d(-182).
-57
Let t(x) = -16947*x + 1186281. Determine t(70).
-9
Let l(k) = -27*k**3 + 235*k**2 - 25*k + 27. Give l(9).
-846
Let j(b) = 7936*b + 8888310. Give j(-1120).
-10
Let i(f) = -6*f**2 - 6606*f + 59602. Calculate i(9).
-338
Let n(g) = -108794*g - 761575. Determine n(-7).
-17
Let m(a) = a**2 - 185158*a + 6849477. Calculate m(37).
0
Let y(q) = -1282*q**3 - 2*q**2 + 228*q + 229. Determine y(-1).
1281
Let z(c) = -6*c**2 - 141*c + 659. Determine z(4).
-1
Let x(f) = 158473*f - 792402. Give x(5).
-37
Let z(n) = -14*n**2 - 749*n + 5370. Give z(7).
-559
Let x(f) = 74*f + 467. Give x(15).
1577
Let r(q) = 365*q - 1408. Give r(4).
52
Let s(i) = -i**2 - 81*i - 1427. Determine s(-47).
171
Let z(o) = 3*o**3 - 44*o**2 - 40*o + 202. Give z(16).
586
Let x(o) = -5*o**2 - 371*o + 6156. Calculate x(14).
-18
Let l(p) = -2*p**3 - 6*p**2 - 1342*p - 4018. What is l(-3)?
8
Let p(b) = 133146*b - 1198335. Calculate p(9).
-21
Let y(i) = 401*i**2 - 22852*i - 286. What is y(57)?
-1
Let v(o) = -3656*o - 23447. What is v(-7)?
2145
Let j(c) = -c**2 - 801*c - 27920. What is j(-37)?
348
Let w(a) = -10*a**3 - 51*a**2 - 11*a - 27. Give w(-5).
3
Let n(d) = 3*d**2 + 488*d - 27523. Calculate n(-207).
8
Let o(q) = q**3 + 78*q**2 + 94*q + 13706. Determine o(-79).
39
Let q(y) = 15*y**2 + 5561*y - 94438. Calculate q(-387).
-10
Let h(o) = 32571*o - 4559915. Give h(140).
25
Let w(f) = -215349*f + 1722815. Give w(8).
23
Let v(k) = 3*k**2 - 7*k - 347. Determine v(10).
-117
Let z(n) = 106*n**2 + 9667*n + 29834. Give z(-88).
2
Let k(x) = -x**2 - 80*x + 24318. Calculate k(-201).
-3
Let u(y) = 311761*y + 1247074. Give u(-4).
30
Let b(h) = -141*h + 7322. Calc